{"id":1693,"date":"2024-09-10T19:17:06","date_gmt":"2024-09-10T17:17:06","guid":{"rendered":"https:\/\/ludwigkaiser.de\/?page_id=1693"},"modified":"2024-09-10T19:17:07","modified_gmt":"2024-09-10T17:17:07","slug":"erdklavier-2-0","status":"publish","type":"page","link":"https:\/\/ludwigkaiser.de\/index.php\/erdklavier-2-0\/","title":{"rendered":"Erdklavier 2.0"},"content":{"rendered":"<p>Samstag, 21. September 2024, 12:00 Uhr<br \/>\nCitykirche alter Markt M\u00f6nchengladbach<\/p>\n<h3>Erdklavier2.0<br \/>\n<span style=\"font-family: inherit; font-size: 18px;\">nach einer Idee von Joseph Beuys<\/span><\/h3>\n<p><img loading=\"lazy\" decoding=\"async\" class=\"alignnone  wp-image-1572\" src=\"https:\/\/ludwigkaiser.de\/wp-content\/uploads\/2024\/01\/CRUSH-6-of-11-1024x819-1.jpg\" alt=\"\" width=\"404\" height=\"323\" srcset=\"https:\/\/ludwigkaiser.de\/wp-content\/uploads\/2024\/01\/CRUSH-6-of-11-1024x819-1.jpg 1024w, https:\/\/ludwigkaiser.de\/wp-content\/uploads\/2024\/01\/CRUSH-6-of-11-1024x819-1-768x614.jpg 768w\" sizes=\"auto, (max-width: 404px) 100vw, 404px\" \/><\/p>\n<p style=\"font-weight: 400;\"><strong>Pia Marei Hauser: Fl\u00f6te<\/strong><br \/>\n<strong>Andrei Simion: Cello<\/strong><br \/>\n<strong>Slavi Grigorov: Akkordeon<\/strong><br \/>\n<strong>Marin Petrov: Klavier<\/strong><br \/>\n<strong>Ludwig Kaiser: Orgel<\/strong><\/p>\n<p style=\"font-weight: 400;\">Das Konzert <strong>Erdklavier 2.0<\/strong> bezieht sich auf eine Idee von Joseph Beuys aus dem Jahr 1961 \u2013 eine Aktion f\u00fcr Klavier mit Erde. Da der K\u00fcnstler am Tag der Auff\u00fchrung nicht anwesend sein konnte, fiel die Aktion aus und wird nun vom Ensemble CRUSH weitergedacht. Ganz im Sinne Beuys\u2018, der sagt, dass man \u201eauch Bilder h\u00f6rt und Skulpturen mit dem Ohr wahrnimmt\u201c, wird die Kirche zum Ausstellungsraum.<\/p>\n<p style=\"font-weight: 400;\">Akkordeon, Fl\u00f6te, Cello und Klavier begegnen der Hauptakteurin des Abends \u2013 der Orgel, die in diesem Projekt f\u00f6rmlich als Klang-Skulptur, als <strong>Erdklavier 2.0<\/strong> inszeniert wird.<\/p>\n<p>Eintritt frei<\/p>\n<p>&nbsp;<\/p>\n","protected":false},"excerpt":{"rendered":"<p>Samstag, 21. September 2024, 12:00 Uhr Citykirche alter Markt M\u00f6nchengladbach Erdklavier2.0 nach einer Idee von Joseph Beuys Pia Marei Hauser: Fl\u00f6te Andrei Simion: Cello Slavi Grigorov: Akkordeon Marin Petrov: Klavier Ludwig Kaiser: Orgel Das Konzert Erdklavier 2.0 bezieht sich auf eine Idee von Joseph Beuys aus dem Jahr 1961 \u2013 eine Aktion f\u00fcr Klavier mit &hellip; <\/p>\n<p><a class=\"more-link btn\" href=\"https:\/\/ludwigkaiser.de\/index.php\/erdklavier-2-0\/\">Weiterlesen<\/a><\/p>\n","protected":false},"author":4,"featured_media":1572,"parent":0,"menu_order":10,"comment_status":"closed","ping_status":"closed","template":"","meta":{"footnotes":""},"class_list":["post-1693","page","type-page","status-publish","has-post-thumbnail","hentry","nodate","item-wrap"],"_links":{"self":[{"href":"https:\/\/ludwigkaiser.de\/index.php\/wp-json\/wp\/v2\/pages\/1693","targetHints":{"allow":["GET"]}}],"collection":[{"href":"https:\/\/ludwigkaiser.de\/index.php\/wp-json\/wp\/v2\/pages"}],"about":[{"href":"https:\/\/ludwigkaiser.de\/index.php\/wp-json\/wp\/v2\/types\/page"}],"author":[{"embeddable":true,"href":"https:\/\/ludwigkaiser.de\/index.php\/wp-json\/wp\/v2\/users\/4"}],"replies":[{"embeddable":true,"href":"https:\/\/ludwigkaiser.de\/index.php\/wp-json\/wp\/v2\/comments?post=1693"}],"version-history":[{"count":1,"href":"https:\/\/ludwigkaiser.de\/index.php\/wp-json\/wp\/v2\/pages\/1693\/revisions"}],"predecessor-version":[{"id":1694,"href":"https:\/\/ludwigkaiser.de\/index.php\/wp-json\/wp\/v2\/pages\/1693\/revisions\/1694"}],"wp:featuredmedia":[{"embeddable":true,"href":"https:\/\/ludwigkaiser.de\/index.php\/wp-json\/wp\/v2\/media\/1572"}],"wp:attachment":[{"href":"https:\/\/ludwigkaiser.de\/index.php\/wp-json\/wp\/v2\/media?parent=1693"}],"curies":[{"name":"wp","href":"https:\/\/api.w.org\/{rel}","templated":true}]}}

<p>Samstag, 21. September 2024, 12:00 Uhr<br />
Citykirche alter Markt Mönchengladbach</p>
<h3>Erdklavier2.0<br />
<span style="font-family: inherit; font-size: 18px;">nach einer Idee von Joseph Beuys</span></h3>
<p><img loading="lazy" decoding="async" class="alignnone  wp-image-1572" src="https://ludwigkaiser.de/wp-content/uploads/2024/01/CRUSH-6-of-11-1024x819-1.jpg" alt="" width="404" height="323" srcset="https://ludwigkaiser.de/wp-content/uploads/2024/01/CRUSH-6-of-11-1024x819-1.jpg 1024w, https://ludwigkaiser.de/wp-content/uploads/2024/01/CRUSH-6-of-11-1024x819-1-768x614.jpg 768w" sizes="auto, (max-width: 404px) 100vw, 404px" /></p>
<p style="font-weight: 400;"><strong>Pia Marei Hauser: Flöte</strong><br />
<strong>Andrei Simion: Cello</strong><br />
<strong>Slavi Grigorov: Akkordeon</strong><br />
<strong>Marin Petrov: Klavier</strong><br />
<strong>Ludwig Kaiser: Orgel</strong></p>
<p style="font-weight: 400;">Das Konzert <strong>Erdklavier 2.0</strong> bezieht sich auf eine Idee von Joseph Beuys aus dem Jahr 1961 – eine Aktion für Klavier mit Erde. Da der Künstler am Tag der Aufführung nicht anwesend sein konnte, fiel die Aktion aus und wird nun vom Ensemble CRUSH weitergedacht. Ganz im Sinne Beuys‘, der sagt, dass man „auch Bilder hört und Skulpturen mit dem Ohr wahrnimmt“, wird die Kirche zum Ausstellungsraum.</p>
<p style="font-weight: 400;">Akkordeon, Flöte, Cello und Klavier begegnen der Hauptakteurin des Abends – der Orgel, die in diesem Projekt förmlich als Klang-Skulptur, als <strong>Erdklavier 2.0</strong> inszeniert wird.</p>
<p>Eintritt frei</p>
<p>&nbsp;</p>

<p>Samstag, 21. September 2024, 12:00 Uhr Citykirche alter Markt Mönchengladbach Erdklavier2.0 nach einer Idee von Joseph Beuys Pia Marei Hauser: Flöte Andrei Simion: Cello Slavi Grigorov: Akkordeon Marin Petrov: Klavier Ludwig Kaiser: Orgel Das Konzert Erdklavier 2.0 bezieht sich auf eine Idee von Joseph Beuys aus dem Jahr 1961 – eine Aktion für Klavier mit &hellip; </p>
<p><a class="more-link btn" href="https://ludwigkaiser.de/index.php/erdklavier-2-0/">Weiterlesen</a></p>
