{"id":1247,"date":"2022-03-31T13:41:28","date_gmt":"2022-03-31T11:41:28","guid":{"rendered":"https:\/\/ludwigkaiser.de\/?page_id=1247"},"modified":"2022-03-31T13:41:28","modified_gmt":"2022-03-31T11:41:28","slug":"hommage-a-olivier-messiaen","status":"publish","type":"page","link":"https:\/\/ludwigkaiser.de\/index.php\/hommage-a-olivier-messiaen\/","title":{"rendered":"Hommage \u00e0 Olivier Messiaen"},"content":{"rendered":"<p>Freitag, 27. Mai 2022, 19:30 Uhr<br \/>\nMelanchthonkirche Bochum<\/p>\n<h3>Hommage \u00e0 Olivier Messiaen<\/h3>\n<p><img loading=\"lazy\" decoding=\"async\" class=\"alignnone size-full wp-image-1248\" src=\"https:\/\/ludwigkaiser.de\/wp-content\/uploads\/2022\/03\/th.jpg\" alt=\"\" width=\"290\" height=\"163\" \/><\/p>\n<p>Musik von Olivier Messiaen,\u00a0T\u014dru Takemitsu,<br \/>\nLudwig Kaiser, Jona K\u00fcmper<\/p>\n<p>Jona K\u00fcmper, Klavier<br \/>\nLudwig Kaiser, Orgel<\/p>\n<p>Eintritt: 12 \/ 6 EUR<\/p>\n","protected":false},"excerpt":{"rendered":"<p>Freitag, 27. Mai 2022, 19:30 Uhr Melanchthonkirche Bochum Hommage \u00e0 Olivier Messiaen Musik von Olivier Messiaen,\u00a0T\u014dru Takemitsu, Ludwig Kaiser, Jona K\u00fcmper Jona K\u00fcmper, Klavier Ludwig Kaiser, Orgel Eintritt: 12 \/ 6 EUR<\/p>\n","protected":false},"author":4,"featured_media":0,"parent":0,"menu_order":11,"comment_status":"closed","ping_status":"closed","template":"","meta":{"footnotes":""},"class_list":["post-1247","page","type-page","status-publish","hentry","nodate","item-wrap"],"_links":{"self":[{"href":"https:\/\/ludwigkaiser.de\/index.php\/wp-json\/wp\/v2\/pages\/1247","targetHints":{"allow":["GET"]}}],"collection":[{"href":"https:\/\/ludwigkaiser.de\/index.php\/wp-json\/wp\/v2\/pages"}],"about":[{"href":"https:\/\/ludwigkaiser.de\/index.php\/wp-json\/wp\/v2\/types\/page"}],"author":[{"embeddable":true,"href":"https:\/\/ludwigkaiser.de\/index.php\/wp-json\/wp\/v2\/users\/4"}],"replies":[{"embeddable":true,"href":"https:\/\/ludwigkaiser.de\/index.php\/wp-json\/wp\/v2\/comments?post=1247"}],"version-history":[{"count":1,"href":"https:\/\/ludwigkaiser.de\/index.php\/wp-json\/wp\/v2\/pages\/1247\/revisions"}],"predecessor-version":[{"id":1249,"href":"https:\/\/ludwigkaiser.de\/index.php\/wp-json\/wp\/v2\/pages\/1247\/revisions\/1249"}],"wp:attachment":[{"href":"https:\/\/ludwigkaiser.de\/index.php\/wp-json\/wp\/v2\/media?parent=1247"}],"curies":[{"name":"wp","href":"https:\/\/api.w.org\/{rel}","templated":true}]}}